
What is the value of -18 + -7 + 26 + 10 + -103 + -9?
-101
Evaluate (3 - (-11 - -25)) + 15 + 0.
4
What is -21 + 70 + -88 + 6?
-33
-12 + (1 - 6) - (-630 + 617)
-4
Calculate -70 - (-10 - (-37 - (-8 - 33))).
-56
(19 - (23 - 5)) + -21 + -18
-38
What is -4 + (62 - (-12 + (5 + 4 - 2)) - 10)?
53
(74 - (178 - 79) - (-86 - -2)) + 17
76
Evaluate -107 - ((3 - 76) + 25).
-59
What is (-19 - (-3 + 2)) + (217 - 126) - -4?
77
(21 - (3 + -2 + 13 + -23 + 15)) + -136
-121
What is the value of 1 + 2 - ((4 - (-31 - 7)) + 63)?
-102
What is 31 + (-54 - (-25 + 65) - -19)?
-44
-51 + -16 - (-3 - 8)
-56
(37 - (38 + -42) - 29) + -29
-17
What is the value of (-8 - (-12 + -20 + 38)) + (-1 - 54)?
-69
Evaluate 1 + -14 + 68 + -87 + 61 - -12.
41
What is the value of -7 + (-5 + -7 + 23 - 15) - -43?
32
37 + -31 + -27 - -60 - 32
7
What is (69 - 90) + 39 - (12 + 1)?
5
Calculate -26 + ((1 - 2) + 164 + -167 - -15).
-15
What is the value of -109 - (15 + 27 + -159)?
8
What is (-29 - -2) + 20 + (-4 - 6) - -149?
132
Evaluate 31 + (21 - 22) + (-3 - 8) + -101.
-82
Calculate (7 - (4 + -2 - -9)) + (-35 - -9).
-30
Calculate 40 - 1 - (69 - 141 - 8).
119
What is -16 + 21 + 18 + -1 + (101 - 52) + -42?
29
Calculate 6 + (1 - -2) + 23 + -44 + 30.
18
What is the value of -1 + -6 + (-4 - (-4 + 19) - -8)?
-18
What is -9 - (54 - (37 - 15))?
-41
Calculate (-1 - -53) + -3382 + 3365.
35
What is the value of 5 - ((24 - (46 + -20)) + -5 + -4)?
16
What is the value of (-10 - -2) + (3 - -8) + (12 + -17 - -12)?
10
Evaluate 15 + (-32 - (-9 + 13)).
-21
What is the value of 29 + -68 + 89 - 90?
-40
Evaluate 4 + (3 - -48) + (-1 + -9 - (150 + -162)).
57
What is the value of 120 - (-16 - (0 - 32) - (4 - (0 - -3)))?
105
What is the value of (59 - 7) + -21 + 1?
32
What is the value of 15 + (17 - 0 - 14) + -40 - -58?
36
(33 - (-101 - -156)) + 15
-7
Evaluate -248 + 216 + (2 - 8) + 28.
-10
What is (-2947 - -2981) + 1 + -23?
12
What is the value of -23 + -1 + ((-27 - (-2 + -21)) + -14 - -12)?
-30
What is the value of (3 - -42) + (28 - (4 + -15 + 31))?
53
Evaluate 31 + (26 - 39) - (47 - 9).
-20
Evaluate 1 + -2 + -20 + (-123 - -154).
10
76 + -47 - 6 - -5
28
What is -8 + (21 - (-29 - (25 + -97)))?
-30
What is the value of -9 - (39 - (18 + -18 + 10))?
-38
Calculate 27 + (7 - (16 + -11) - 10).
19
(83 - 19) + -43 - (-20 + -1)
42
What is the value of -283 + 384 + -1 + -48?
52
(-3 - (14 - -12)) + 44 + 36
51
What is the value of (32 - (-126 - -84)) + -94?
-20
(406 - 408) + (7 - 0) + (-29 - -1)
-23
What is -4 - (0 + -12 + 13 - (-6 + -12))?
-23
Calculate (-31 - (18 + -46)) + -7.
-10
5 + (-90 - -54) + -6 + -32
-69
What is the value of -81 + 182 + -124 + (-4 - 2)?
-29
What is the value of 25 + (55 + -53 - -21)?
48
Calculate 1 + (-15 + 1 + (28 - 20) - (-4 + -41)).
40
-1 + -137 - (4836 + -4928)
-46
Evaluate 8 - (19 + 24 + -50) - -27.
42
What is the value of -7 + 1 + (-13 - -16 - -11 - -6)?
14
-24 + (-7 + 4 - -23) + -26
-30
Calculate -20 + (-16 - -9) + 9 + 60.
42
What is -1521 - -1619 - (67 - -1)?
30
Evaluate -31 - -2 - (-140 - -50 - -68).
-7
Evaluate (-11 + 30 - 80 - -46) + 0 + 2 + 104.
91
Calculate 16 + (8 + -3 - 23) + 32.
30
Evaluate (14 + -10 + 10 - 8) + 54.
60
Evaluate 8 + -16 + 87 - (114 - 89).
54
51 + -1 + 5 - -1 - (31 + -31)
56
What is -23 + -2 + 2 - (-1602 + 1554)?
25
Calculate 5 + (-2 - (5 - 1)) + -5 + -7.
-13
What is 20 - (17 - (-29 + -22) - 3) - (-1 - -4)?
-48
Evaluate -3 + 1 + -3 + -11 + (-23 + -2 - 33).
-74
-84 - (19 - 7) - (11 - 21)
-86
What is the value of -1 + -1 + (1 - -13 - (-2205 + 2241))?
-24
What is the value of (-13 - -7) + (69 - 43) + -54?
-34
What is (3 - -80) + -907 + 844?
20
What is the value of 1 + 3 - 41 - (-12 + -14 + 13)?
-24
What is the value of 437 + -424 - (158 - 0 - (-4 + 11 + -14))?
-152
What is the value of 12 - (30 + -32 + -20 + 59)?
-25
(3 + -10 - 7) + 11 - (-2 - 18) - -2
19
Calculate 66 + 0 + -173 + 30.
-77
What is (19 - (-4 + -21 + 40) - 133) + 9?
-120
-78 - (29 + -4 - (89 + -54))
-68
What is the value of 14 + 16 + -58 + (2 - 14)?
-40
What is the value of -97 - (-109 - (-10 - -77))?
79
What is the value of -6 - (1838 - 1821 - (0 + -1 + 138))?
114
Calculate -114 - (29 - 116) - 83.
-110
What is the value of 1 + 11 - (44 - (-102 - -153))?
19
-10 - (0 + 4 + 653 + -687)
20
Calculate (4 - (-6 + (9 - -9 - 12))) + -1 - -69.
72
What is -37 - -1 - (464 + -196 + -223)?
-81
Evaluate 42 - 33 - (4 + -3 - -16).
-8
(0 - 0 - 8) + ((8 - -1) + -29 - -30)
2
What is the value of (0 - -49) + -59 - -3 - (67 - (2 - 2))?
-74
-46 + -50 + 7 + 8
-81
What is the value of (-163 - -87 - 49) + 89?
-36
Calculate 22 + (68 + -49 - 14).
27
Calculate 0 + 2 - 19 - (-89 + -41 - -113).
0
What is 44 - -2 - (-277 + 313)?
10
Evaluate 0 + 6 + -455 + 363 - (-11 + 2).
-77
What is the value of (2 - 5) + -5 - (29 + -3)?
-34
1 - (-9 + -13) - (-171 + 262)
-68
Calculate 45 + -99 + 50 + 2 + 7.
5
What is (38 - (29 + 24)) + 48 + (3 - 12 - -4)?
28
What is the value of 4 + (13 - (22 - -19)) - 41?
-65
(11 - 5 - 4) + 130 + -98
34
Evaluate -149 + 23 + 4 + 65.
-57
What is 2 - 7 - (-9 - (10 + -17) - -10)?
-13
What is the value of (346 - 351) + (-4 - -45) - 35?
1
Calculate -21 - -2 - (-79 + 63 - -69).
-72
10 + 9 + -10 + -94 + 72
-13
(1 + 11 - -1) + (32 - (-9 - (0 - 18)))
36
2 - -55 - ((8 - (17 - 1)) + 18)
47
Evaluate 24 - (68 - 11 - 43).
10
Calculate -54 - (-47 + -49) - -15.
57
Evaluate 5 + 1 - ((-7 - -61 - -21) + (-3 - -1)).
-67
What is -2 + 4 - ((-42 - -44) + (9 - -2) - -66)?
-77
-9 - -6 - (-45 + 23 + 3)
16
58 - 50 - (28 + 5)
-25
Evaluate -80 + 89 + (-52 - (-1 + (3 - (1 - -1)))).
-43
What is the value of -60 - (29 + -32 + 2 + (1 - 5) - -7)?
-62
Calculate -296 + 251 + (0 - -1) + -3.
-47
Calculate 69 - (18 + -25 + (0 - 5) + 21).
60
What is 0 + -20 - (16 - 16 - -17 - 11)?
-26
What is (-1 - (-34 - -5)) + -354 + 349?
23
15 - -1 - (1689 + -1710)
37
What is the value of (-146 - -86) + 3 + 38?
-19
Calculate 67 - (16 + (10 + -25 - (13 + -14))).
65
What is the value of (188 - 128) + (-67 - -19)?
12
What is 36 + 7 - (-13 + 19 + -1 + (-9 - 2))?
49
What is -1 - ((-7 - -31 - 14) + 15 - -14)?
-40
Calculate (1 - (7 + (5 - 11) + -11)) + 46.
57
Calculate 2 - (96 + -126) - (1 - -15).
16
Evaluate -2 + (-3 - 1) + (11 - (12 - (-8 + 12))).
-3
What is (-15 - -4 - -9) + 0 + 38?
36
What is (-5 - -1) + 4 + 7 + 35 + -14?
28
Calculate -89 - (-3 - (60 + -31)).
-57
What is -9 + 7 + 4 + (1 - 1) + 0 - 7?
-5
Calculate (-1 - -1) + (-3 - -6 - (6 + 2) - 0).
-5
What is 62 + -8 - (-45 + 80)?
19
Calculate 21 + 2 - (0 + 15 - (-180 - -182)).
10
Calculate -60 + -29 + 1 + -336 + 379.
-45
1 + -9 + (33 - ((24 - 69) + 30))
40
-62 + 140 + 126 - 141
63
Evaluate 36 + -21 - ((61 - 12) + 16).
-50
What is the value of 44 + (-8 - (67 - 42))?
11
Calculate -12 + 24 + -68 - ((-14 - -3) + 21 - 11).
-55
-52 + -4 + -4 + (15 - (3 - 7)) + -5
-46
What is the value of 66 - (2 + -8 - (71 + -76) - -1)?
66
Calculate 38 - (54 + -11 - -45).
-50
Calculate -19 - -9 - (-20 + (4 - (1 - 7))).
0
Calculate (-19 + (-13 - -29) - -11) + (2 - 3) + -17.
-10
What is -55 - -11 - (583 + -680)?
53
What is the value of 54 - (12 + 0 + -2 + 1 + (83 - 93))?
53
What is (4 - 3 - (329 - 311)) + -1?
-18
1223 - 1271 - (2 - 29)
-21
Calculate (-45 - (-6 + -5)) + (2 - (-3 + -5)).
-24
0 + -2 + 19 + (9076 - 9148)
-55
What is the value of 1 - -1 - (-76 + 29 + 74)?
-25
Calculate (4 - (-3 - 40 - -3)) + (-5 - -39 - 28).
50
Evaluate 7 + -46 - (-496 - -537).
-80
-2473 + 2463 + (-1 - (-2 + 0)) - (-7 + -31)
29
What is -89 - (90 - 137 - 111)?
69
Calculate -24 + -8 + 57 + -12 + (3 - 4).
12
Evaluate -13 + (-55 - -12) + (-3 + (-3 - -8) - -3).
-51
What is 14 + (8 - 26) + (-6 + -8 - -9 - 4)?
-13
What is -857 + 836 + (94 - 0)?
73
Evaluate -10 - (-2 - 5) - 65 - (-117 + 110).
-61
34 - ((-5 - (-31 + 18)) + -32)
58
What is (-40 - (3 - 76)) + -57?
-24
Calculate -15 - (-53 - (-48 + -39)).
-49
What is 37 - (8 + -24 + (8 - 19) + 25)?
39
Evaluate 51 + -31 + -2 - (43 - 9).
-16
What is the value of -72 - ((3 - -7) + -7 + (22 - 13) - 8)?
-76
73 - (121 + -72) - (-5 - -1)
28
What is the value of 0 + 66 + 13 - (-4 - -7) - 7?
69
Evaluate -6 + (54 - (-40 + 184)).
-96
Calculate -20 - (-27 - (17 + -33)) - (-7 + -43).
41
What is the value of 30 + 1 + -39 - -74?
66
Evaluate -20 - (-59 + -14 + -29 + 49).
33
(-14 - -4) + (9 - (-8 + 6 + 9)) + 4
-4
Calculate 55 + -17 - (23 + -1).
16
What